{"id":2590,"date":"2023-09-04T17:30:00","date_gmt":"2023-09-04T17:30:00","guid":{"rendered":"https:\/\/tanjamikolcic.com\/?page_id=2590"},"modified":"2023-09-24T05:48:56","modified_gmt":"2023-09-24T05:48:56","slug":"video-reel-para-redes-sociales-retrato","status":"publish","type":"page","link":"https:\/\/tanjamikolcic.com\/index.php\/es\/video-reel-para-redes-sociales-retrato\/","title":{"rendered":"Video\/ Reel para Redes Sociales Retrato"},"content":{"rendered":"\t\t<div data-elementor-type=\"wp-page\" data-elementor-id=\"2590\" class=\"elementor elementor-2590\" data-elementor-post-type=\"page\">\n\t\t\t\t\t\t<section class=\"elementor-section elementor-top-section elementor-element elementor-element-be4a0b6 elementor-section-boxed elementor-section-height-default elementor-section-height-default\" data-id=\"be4a0b6\" data-element_type=\"section\" data-e-type=\"section\">\n\t\t\t\t\t\t<div class=\"elementor-container elementor-column-gap-default\">\n\t\t\t\t\t<div class=\"elementor-column elementor-col-100 elementor-top-column elementor-element elementor-element-4ad5a06\" data-id=\"4ad5a06\" data-element_type=\"column\" data-e-type=\"column\">\n\t\t\t<div class=\"elementor-widget-wrap elementor-element-populated\">\n\t\t\t\t\t\t<div class=\"elementor-element elementor-element-b6fe124 elementor-widget elementor-widget-text-editor\" data-id=\"b6fe124\" data-element_type=\"widget\" data-e-type=\"widget\" data-widget_type=\"text-editor.default\">\n\t\t\t\t\t\t\t\t\t<p style=\"text-align: center;\"><span data-tt=\"{&quot;paragraphStyle&quot;:{&quot;alignment&quot;:4,&quot;writingDirection&quot;:1}}\">El marketing en l\u00ednea en plataformas de redes sociales es esencial. Cada plataforma de redes sociales es visual y la fotograf\u00eda es una gran parte del contenido producido para estos canales de comunicaci\u00f3n. Los videos pueden captar atenci\u00f3n adicional en l\u00ednea y aunque no pueden reemplazar un conjunto de im\u00e1genes excelentes, definitivamente son una parte creciente del marketing visual en Facebook, Instagram, TikTok, Snapchat, Linkedin, Twitter, Youtube o Vimeo. <\/span><\/p><p style=\"text-align: center;\"><span data-tt=\"{&quot;paragraphStyle&quot;:{&quot;alignment&quot;:4,&quot;writingDirection&quot;:1}}\">Los consumidores recurren cada vez m\u00e1s a la web y las redes sociales para obtener recomendaciones, informaci\u00f3n sobre c\u00f3mo hacer algo o asistencia, y entretenimiento. Los Reels se pueden utilizar para interactuar con los clientes, mostrar productos, construir lealtad a la marca y aumentar las ventas, al mismo tiempo que se llega a una audiencia m\u00e1s amplia. Las personas utilizan las plataformas de redes sociales varias veces a la semana, si no a diario, por lo que no es de extra\u00f1ar que los especialistas en marketing est\u00e9n centrando sus esfuerzos en aumentar su presencia en esas plataformas.<\/span><\/p>\t\t\t\t\t\t\t\t<\/div>\n\t\t\t\t\t<\/div>\n\t\t<\/div>\n\t\t\t\t\t<\/div>\n\t\t<\/section>\n\t\t\t\t<section class=\"elementor-section elementor-top-section elementor-element elementor-element-3989cc91 elementor-section-boxed elementor-section-height-default elementor-section-height-default\" data-id=\"3989cc91\" data-element_type=\"section\" data-e-type=\"section\">\n\t\t\t\t\t\t<div class=\"elementor-container elementor-column-gap-default\">\n\t\t\t\t\t<div class=\"elementor-column elementor-col-100 elementor-top-column elementor-element elementor-element-177da10b\" data-id=\"177da10b\" data-element_type=\"column\" data-e-type=\"column\">\n\t\t\t<div class=\"elementor-widget-wrap elementor-element-populated\">\n\t\t\t\t\t\t<div class=\"elementor-element elementor-element-2271b3e9 elementor-widget elementor-widget-text-editor\" data-id=\"2271b3e9\" data-element_type=\"widget\" data-e-type=\"widget\" data-widget_type=\"text-editor.default\">\n\t\t\t\t\t\t\t\t\t<h3>Puedes encontrar ejemplos en mi cuenta de Instagram.<\/h3>\t\t\t\t\t\t\t\t<\/div>\n\t\t\t\t\t<\/div>\n\t\t<\/div>\n\t\t\t\t\t<\/div>\n\t\t<\/section>\n\t\t\t\t<section class=\"elementor-section elementor-top-section elementor-element elementor-element-58c930c8 elementor-section-boxed elementor-section-height-default elementor-section-height-default\" data-id=\"58c930c8\" data-element_type=\"section\" data-e-type=\"section\">\n\t\t\t\t\t\t<div class=\"elementor-container elementor-column-gap-default\">\n\t\t\t\t\t<div class=\"elementor-column elementor-col-100 elementor-top-column elementor-element elementor-element-b14b23e\" data-id=\"b14b23e\" data-element_type=\"column\" data-e-type=\"column\">\n\t\t\t<div class=\"elementor-widget-wrap elementor-element-populated\">\n\t\t\t\t\t\t<div class=\"elementor-element elementor-element-2def1b2b elementor-align-center elementor-widget elementor-widget-button\" data-id=\"2def1b2b\" data-element_type=\"widget\" data-e-type=\"widget\" data-widget_type=\"button.default\">\n\t\t\t\t\t\t\t\t\t\t<a class=\"elementor-button elementor-button-link elementor-size-sm\" href=\"https:\/\/www.instagram.com\/tanja.mikolcic\/reels\/\" target=\"_blank\">\n\t\t\t\t\t\t<span class=\"elementor-button-content-wrapper\">\n\t\t\t\t\t\t\t\t\t<span class=\"elementor-button-text\">Tanja Mikolcic Instagram Reels<\/span>\n\t\t\t\t\t<\/span>\n\t\t\t\t\t<\/a>\n\t\t\t\t\t\t\t\t<\/div>\n\t\t\t\t<div class=\"elementor-element elementor-element-72ed1 elementor-widget elementor-widget-spacer\" data-id=\"72ed1\" data-element_type=\"widget\" data-e-type=\"widget\" data-widget_type=\"spacer.default\">\n\t\t\t\t\t\t\t<div class=\"elementor-spacer\">\n\t\t\t<div class=\"elementor-spacer-inner\"><\/div>\n\t\t<\/div>\n\t\t\t\t\t\t<\/div>\n\t\t\t\t\t<\/div>\n\t\t<\/div>\n\t\t\t\t\t<\/div>\n\t\t<\/section>\n\t\t\t\t<section class=\"elementor-section elementor-top-section elementor-element elementor-element-2db75fac elementor-hidden-mobile elementor-section-boxed elementor-section-height-default elementor-section-height-default\" data-id=\"2db75fac\" data-element_type=\"section\" data-e-type=\"section\">\n\t\t\t\t\t\t<div class=\"elementor-container elementor-column-gap-default\">\n\t\t\t\t\t<div class=\"elementor-column elementor-col-100 elementor-top-column elementor-element elementor-element-33ca21f9\" data-id=\"33ca21f9\" data-element_type=\"column\" data-e-type=\"column\">\n\t\t\t<div class=\"elementor-widget-wrap elementor-element-populated\">\n\t\t\t\t\t\t<div class=\"elementor-element elementor-element-33b525b3 elementor-widget elementor-widget-spacer\" data-id=\"33b525b3\" data-element_type=\"widget\" data-e-type=\"widget\" data-widget_type=\"spacer.default\">\n\t\t\t\t\t\t\t<div class=\"elementor-spacer\">\n\t\t\t<div class=\"elementor-spacer-inner\"><\/div>\n\t\t<\/div>\n\t\t\t\t\t\t<\/div>\n\t\t\t\t\t<\/div>\n\t\t<\/div>\n\t\t\t\t\t<\/div>\n\t\t<\/section>\n\t\t\t\t<\/div>\n\t\t","protected":false},"excerpt":{"rendered":"<p>El marketing en l\u00ednea en plataformas de redes sociales es esencial. Cada plataforma de redes sociales es visual y la fotograf\u00eda es una gran parte del contenido producido para estos canales de comunicaci\u00f3n. Los videos pueden captar atenci\u00f3n adicional en l\u00ednea y aunque no pueden reemplazar un conjunto de im\u00e1genes excelentes, definitivamente son una parte [&hellip;]<\/p>\n","protected":false},"author":1,"featured_media":0,"parent":0,"menu_order":0,"comment_status":"closed","ping_status":"closed","template":"","meta":{"ocean_post_layout":"full-screen","ocean_both_sidebars_style":"","ocean_both_sidebars_content_width":0,"ocean_both_sidebars_sidebars_width":0,"ocean_sidebar":"0","ocean_second_sidebar":"0","ocean_disable_margins":"enable","ocean_add_body_class":"","ocean_shortcode_before_top_bar":"","ocean_shortcode_after_top_bar":"","ocean_shortcode_before_header":"","ocean_shortcode_after_header":"","ocean_has_shortcode":"","ocean_shortcode_after_title":"","ocean_shortcode_before_footer_widgets":"","ocean_shortcode_after_footer_widgets":"","ocean_shortcode_before_footer_bottom":"","ocean_shortcode_after_footer_bottom":"","ocean_display_top_bar":"default","ocean_display_header":"default","ocean_header_style":"","ocean_center_header_left_menu":"0","ocean_custom_header_template":"0","ocean_custom_logo":0,"ocean_custom_retina_logo":0,"ocean_custom_logo_max_width":0,"ocean_custom_logo_tablet_max_width":0,"ocean_custom_logo_mobile_max_width":0,"ocean_custom_logo_max_height":0,"ocean_custom_logo_tablet_max_height":0,"ocean_custom_logo_mobile_max_height":0,"ocean_header_custom_menu":"92","ocean_menu_typo_font_family":"0","ocean_menu_typo_font_subset":"","ocean_menu_typo_font_size":0,"ocean_menu_typo_font_size_tablet":0,"ocean_menu_typo_font_size_mobile":0,"ocean_menu_typo_font_size_unit":"px","ocean_menu_typo_font_weight":"","ocean_menu_typo_font_weight_tablet":"","ocean_menu_typo_font_weight_mobile":"","ocean_menu_typo_transform":"","ocean_menu_typo_transform_tablet":"","ocean_menu_typo_transform_mobile":"","ocean_menu_typo_line_height":0,"ocean_menu_typo_line_height_tablet":0,"ocean_menu_typo_line_height_mobile":0,"ocean_menu_typo_line_height_unit":"","ocean_menu_typo_spacing":0,"ocean_menu_typo_spacing_tablet":0,"ocean_menu_typo_spacing_mobile":0,"ocean_menu_typo_spacing_unit":"","ocean_menu_link_color":"","ocean_menu_link_color_hover":"","ocean_menu_link_color_active":"","ocean_menu_link_background":"","ocean_menu_link_hover_background":"","ocean_menu_link_active_background":"","ocean_menu_social_links_bg":"","ocean_menu_social_hover_links_bg":"","ocean_menu_social_links_color":"","ocean_menu_social_hover_links_color":"","ocean_disable_title":"default","ocean_disable_heading":"default","ocean_post_title":"Video\/ Reel para Redes Sociales","ocean_post_subheading":"","ocean_post_title_style":"","ocean_post_title_background_color":"","ocean_post_title_background":0,"ocean_post_title_bg_image_position":"","ocean_post_title_bg_image_attachment":"","ocean_post_title_bg_image_repeat":"","ocean_post_title_bg_image_size":"","ocean_post_title_height":0,"ocean_post_title_bg_overlay":0.5,"ocean_post_title_bg_overlay_color":"","ocean_disable_breadcrumbs":"off","ocean_breadcrumbs_color":"","ocean_breadcrumbs_separator_color":"","ocean_breadcrumbs_links_color":"","ocean_breadcrumbs_links_hover_color":"","ocean_display_footer_widgets":"default","ocean_display_footer_bottom":"default","ocean_custom_footer_template":"2696","omw_enable_modal_window":"enable","osh_disable_topbar_sticky":"default","osh_disable_header_sticky":"default","osh_sticky_header_style":"default","osh_sticky_header_effect":"","osh_custom_sticky_logo":0,"osh_custom_retina_sticky_logo":0,"osh_custom_sticky_logo_height":0,"osh_background_color":"","osh_links_color":"","osh_links_hover_color":"","osh_links_active_color":"","osh_links_bg_color":"","osh_links_hover_bg_color":"","osh_links_active_bg_color":"","osh_menu_social_links_color":"","osh_menu_social_hover_links_color":"","footnotes":""},"class_list":["post-2590","page","type-page","status-publish","hentry","entry"],"yoast_head":"<!-- This site is optimized with the Yoast SEO plugin v27.3 - https:\/\/yoast.com\/product\/yoast-seo-wordpress\/ -->\n<title>Video\/ Reel para Redes Sociales Retrato - Tanja Mikolcic Photography<\/title>\n<meta name=\"description\" content=\"El marketing en l\u00ednea en plataformas de redes sociales es esencial. Cada plataforma de redes sociales es visual y la fotograf\u00eda es una gran parte del contenido producido para estos canales de comunicaci\u00f3n. Los videos pueden captar atenci\u00f3n adicional en l\u00ednea y aunque no pueden reemplazar un conjunto de im\u00e1genes excelentes, definitivamente son una parte creciente del marketing visual en Facebook, Instagram, TikTok, Snapchat, Linkedin, Twitter, Youtube o Vimeo. Los consumidores recurren cada vez m\u00e1s a la web y las redes sociales para obtener recomendaciones, informaci\u00f3n sobre c\u00f3mo hacer algo o asistencia, y entretenimiento. Los Reels se pueden utilizar para interactuar con los clientes, mostrar productos, construir lealtad a la marca y aumentar las ventas, al mismo tiempo que se llega a una audiencia m\u00e1s amplia. Las personas utilizan las plataformas de redes sociales varias veces a la semana, si no a diario, por lo que no es de extra\u00f1ar que los especialistas en marketing est\u00e9n centrando sus esfuerzos en aumentar su presencia en esas plataformas.Puedes encontrar ejemplos en mi cuenta de Instagram.       Tanja Mikolcic Instagram Reels\" \/>\n<meta name=\"robots\" content=\"index, follow, max-snippet:-1, max-image-preview:large, max-video-preview:-1\" \/>\n<link rel=\"canonical\" href=\"https:\/\/tanjamikolcic.com\/index.php\/es\/video-reel-para-redes-sociales-retrato\/\" \/>\n<meta property=\"og:locale\" content=\"en_GB\" \/>\n<meta property=\"og:type\" content=\"article\" \/>\n<meta property=\"og:title\" content=\"Video\/ Reel para Redes Sociales Retrato - Tanja Mikolcic Photography\" \/>\n<meta property=\"og:description\" content=\"El marketing en l\u00ednea en plataformas de redes sociales es esencial. Cada plataforma de redes sociales es visual y la fotograf\u00eda es una gran parte del contenido producido para estos canales de comunicaci\u00f3n. Los videos pueden captar atenci\u00f3n adicional en l\u00ednea y aunque no pueden reemplazar un conjunto de im\u00e1genes excelentes, definitivamente son una parte creciente del marketing visual en Facebook, Instagram, TikTok, Snapchat, Linkedin, Twitter, Youtube o Vimeo. Los consumidores recurren cada vez m\u00e1s a la web y las redes sociales para obtener recomendaciones, informaci\u00f3n sobre c\u00f3mo hacer algo o asistencia, y entretenimiento. Los Reels se pueden utilizar para interactuar con los clientes, mostrar productos, construir lealtad a la marca y aumentar las ventas, al mismo tiempo que se llega a una audiencia m\u00e1s amplia. Las personas utilizan las plataformas de redes sociales varias veces a la semana, si no a diario, por lo que no es de extra\u00f1ar que los especialistas en marketing est\u00e9n centrando sus esfuerzos en aumentar su presencia en esas plataformas.Puedes encontrar ejemplos en mi cuenta de Instagram.       Tanja Mikolcic Instagram Reels\" \/>\n<meta property=\"og:url\" content=\"https:\/\/tanjamikolcic.com\/index.php\/es\/video-reel-para-redes-sociales-retrato\/\" \/>\n<meta property=\"og:site_name\" content=\"Tanja Mikolcic Photography\" \/>\n<meta property=\"article:publisher\" content=\"https:\/\/www.facebook.com\/tanja.mikolcic\" \/>\n<meta property=\"article:modified_time\" content=\"2023-09-24T05:48:56+00:00\" \/>\n<meta name=\"twitter:card\" content=\"summary_large_image\" \/>\n<meta name=\"twitter:label1\" content=\"Estimated reading time\" \/>\n\t<meta name=\"twitter:data1\" content=\"1 minute\" \/>\n<script type=\"application\/ld+json\" class=\"yoast-schema-graph\">{\"@context\":\"https:\\\/\\\/schema.org\",\"@graph\":[{\"@type\":\"WebPage\",\"@id\":\"https:\\\/\\\/tanjamikolcic.com\\\/index.php\\\/es\\\/video-reel-para-redes-sociales-retrato\\\/\",\"url\":\"https:\\\/\\\/tanjamikolcic.com\\\/index.php\\\/es\\\/video-reel-para-redes-sociales-retrato\\\/\",\"name\":\"Video\\\/ Reel para Redes Sociales Retrato - Tanja Mikolcic Photography\",\"isPartOf\":{\"@id\":\"https:\\\/\\\/tanjamikolcic.com\\\/#website\"},\"datePublished\":\"2023-09-04T17:30:00+00:00\",\"dateModified\":\"2023-09-24T05:48:56+00:00\",\"description\":\"El marketing en l\u00ednea en plataformas de redes sociales es esencial. Cada plataforma de redes sociales es visual y la fotograf\u00eda es una gran parte del contenido producido para estos canales de comunicaci\u00f3n. Los videos pueden captar atenci\u00f3n adicional en l\u00ednea y aunque no pueden reemplazar un conjunto de im\u00e1genes excelentes, definitivamente son una parte creciente del marketing visual en Facebook, Instagram, TikTok, Snapchat, Linkedin, Twitter, Youtube o Vimeo. Los consumidores recurren cada vez m\u00e1s a la web y las redes sociales para obtener recomendaciones, informaci\u00f3n sobre c\u00f3mo hacer algo o asistencia, y entretenimiento. Los Reels se pueden utilizar para interactuar con los clientes, mostrar productos, construir lealtad a la marca y aumentar las ventas, al mismo tiempo que se llega a una audiencia m\u00e1s amplia. Las personas utilizan las plataformas de redes sociales varias veces a la semana, si no a diario, por lo que no es de extra\u00f1ar que los especialistas en marketing est\u00e9n centrando sus esfuerzos en aumentar su presencia en esas plataformas.Puedes encontrar ejemplos en mi cuenta de Instagram. Tanja Mikolcic Instagram Reels\",\"breadcrumb\":{\"@id\":\"https:\\\/\\\/tanjamikolcic.com\\\/index.php\\\/es\\\/video-reel-para-redes-sociales-retrato\\\/#breadcrumb\"},\"inLanguage\":\"en-GB\",\"potentialAction\":[{\"@type\":\"ReadAction\",\"target\":[\"https:\\\/\\\/tanjamikolcic.com\\\/index.php\\\/es\\\/video-reel-para-redes-sociales-retrato\\\/\"]}]},{\"@type\":\"BreadcrumbList\",\"@id\":\"https:\\\/\\\/tanjamikolcic.com\\\/index.php\\\/es\\\/video-reel-para-redes-sociales-retrato\\\/#breadcrumb\",\"itemListElement\":[{\"@type\":\"ListItem\",\"position\":1,\"name\":\"Architectural, Portrait and Product Photography\",\"item\":\"https:\\\/\\\/tanjamikolcic.com\\\/index.php\\\/de\\\/tanja-mikolcic-photography\\\/\"},{\"@type\":\"ListItem\",\"position\":2,\"name\":\"Video\\\/ Reel para Redes Sociales Retrato\"}]},{\"@type\":\"WebSite\",\"@id\":\"https:\\\/\\\/tanjamikolcic.com\\\/#website\",\"url\":\"https:\\\/\\\/tanjamikolcic.com\\\/\",\"name\":\"Tanja Mikolcic Photography\",\"description\":\"Architectural, Portrait and Product Photography\",\"publisher\":{\"@id\":\"https:\\\/\\\/tanjamikolcic.com\\\/#organization\"},\"potentialAction\":[{\"@type\":\"SearchAction\",\"target\":{\"@type\":\"EntryPoint\",\"urlTemplate\":\"https:\\\/\\\/tanjamikolcic.com\\\/?s={search_term_string}\"},\"query-input\":{\"@type\":\"PropertyValueSpecification\",\"valueRequired\":true,\"valueName\":\"search_term_string\"}}],\"inLanguage\":\"en-GB\"},{\"@type\":\"Organization\",\"@id\":\"https:\\\/\\\/tanjamikolcic.com\\\/#organization\",\"name\":\"Tanja Mikolcic\",\"url\":\"https:\\\/\\\/tanjamikolcic.com\\\/\",\"logo\":{\"@type\":\"ImageObject\",\"inLanguage\":\"en-GB\",\"@id\":\"https:\\\/\\\/tanjamikolcic.com\\\/#\\\/schema\\\/logo\\\/image\\\/\",\"url\":\"https:\\\/\\\/tanjamikolcic.com\\\/wp-content\\\/uploads\\\/2023\\\/07\\\/cropped-Tanja-Mikolcic-Photography-520x180-1.png\",\"contentUrl\":\"https:\\\/\\\/tanjamikolcic.com\\\/wp-content\\\/uploads\\\/2023\\\/07\\\/cropped-Tanja-Mikolcic-Photography-520x180-1.png\",\"width\":490,\"height\":179,\"caption\":\"Tanja Mikolcic\"},\"image\":{\"@id\":\"https:\\\/\\\/tanjamikolcic.com\\\/#\\\/schema\\\/logo\\\/image\\\/\"},\"sameAs\":[\"https:\\\/\\\/www.facebook.com\\\/tanja.mikolcic\",\"https:\\\/\\\/www.instagram.com\\\/tanja.mikolcic\\\/\"]}]}<\/script>\n<!-- \/ Yoast SEO plugin. -->","yoast_head_json":{"title":"Video\/ Reel para Redes Sociales Retrato - Tanja Mikolcic Photography","description":"El marketing en l\u00ednea en plataformas de redes sociales es esencial. Cada plataforma de redes sociales es visual y la fotograf\u00eda es una gran parte del contenido producido para estos canales de comunicaci\u00f3n. Los videos pueden captar atenci\u00f3n adicional en l\u00ednea y aunque no pueden reemplazar un conjunto de im\u00e1genes excelentes, definitivamente son una parte creciente del marketing visual en Facebook, Instagram, TikTok, Snapchat, Linkedin, Twitter, Youtube o Vimeo. Los consumidores recurren cada vez m\u00e1s a la web y las redes sociales para obtener recomendaciones, informaci\u00f3n sobre c\u00f3mo hacer algo o asistencia, y entretenimiento. Los Reels se pueden utilizar para interactuar con los clientes, mostrar productos, construir lealtad a la marca y aumentar las ventas, al mismo tiempo que se llega a una audiencia m\u00e1s amplia. Las personas utilizan las plataformas de redes sociales varias veces a la semana, si no a diario, por lo que no es de extra\u00f1ar que los especialistas en marketing est\u00e9n centrando sus esfuerzos en aumentar su presencia en esas plataformas.Puedes encontrar ejemplos en mi cuenta de Instagram.       Tanja Mikolcic Instagram Reels","robots":{"index":"index","follow":"follow","max-snippet":"max-snippet:-1","max-image-preview":"max-image-preview:large","max-video-preview":"max-video-preview:-1"},"canonical":"https:\/\/tanjamikolcic.com\/index.php\/es\/video-reel-para-redes-sociales-retrato\/","og_locale":"en_GB","og_type":"article","og_title":"Video\/ Reel para Redes Sociales Retrato - Tanja Mikolcic Photography","og_description":"El marketing en l\u00ednea en plataformas de redes sociales es esencial. Cada plataforma de redes sociales es visual y la fotograf\u00eda es una gran parte del contenido producido para estos canales de comunicaci\u00f3n. Los videos pueden captar atenci\u00f3n adicional en l\u00ednea y aunque no pueden reemplazar un conjunto de im\u00e1genes excelentes, definitivamente son una parte creciente del marketing visual en Facebook, Instagram, TikTok, Snapchat, Linkedin, Twitter, Youtube o Vimeo. Los consumidores recurren cada vez m\u00e1s a la web y las redes sociales para obtener recomendaciones, informaci\u00f3n sobre c\u00f3mo hacer algo o asistencia, y entretenimiento. Los Reels se pueden utilizar para interactuar con los clientes, mostrar productos, construir lealtad a la marca y aumentar las ventas, al mismo tiempo que se llega a una audiencia m\u00e1s amplia. Las personas utilizan las plataformas de redes sociales varias veces a la semana, si no a diario, por lo que no es de extra\u00f1ar que los especialistas en marketing est\u00e9n centrando sus esfuerzos en aumentar su presencia en esas plataformas.Puedes encontrar ejemplos en mi cuenta de Instagram.       Tanja Mikolcic Instagram Reels","og_url":"https:\/\/tanjamikolcic.com\/index.php\/es\/video-reel-para-redes-sociales-retrato\/","og_site_name":"Tanja Mikolcic Photography","article_publisher":"https:\/\/www.facebook.com\/tanja.mikolcic","article_modified_time":"2023-09-24T05:48:56+00:00","twitter_card":"summary_large_image","twitter_misc":{"Estimated reading time":"1 minute"},"schema":{"@context":"https:\/\/schema.org","@graph":[{"@type":"WebPage","@id":"https:\/\/tanjamikolcic.com\/index.php\/es\/video-reel-para-redes-sociales-retrato\/","url":"https:\/\/tanjamikolcic.com\/index.php\/es\/video-reel-para-redes-sociales-retrato\/","name":"Video\/ Reel para Redes Sociales Retrato - Tanja Mikolcic Photography","isPartOf":{"@id":"https:\/\/tanjamikolcic.com\/#website"},"datePublished":"2023-09-04T17:30:00+00:00","dateModified":"2023-09-24T05:48:56+00:00","description":"El marketing en l\u00ednea en plataformas de redes sociales es esencial. Cada plataforma de redes sociales es visual y la fotograf\u00eda es una gran parte del contenido producido para estos canales de comunicaci\u00f3n. Los videos pueden captar atenci\u00f3n adicional en l\u00ednea y aunque no pueden reemplazar un conjunto de im\u00e1genes excelentes, definitivamente son una parte creciente del marketing visual en Facebook, Instagram, TikTok, Snapchat, Linkedin, Twitter, Youtube o Vimeo. Los consumidores recurren cada vez m\u00e1s a la web y las redes sociales para obtener recomendaciones, informaci\u00f3n sobre c\u00f3mo hacer algo o asistencia, y entretenimiento. Los Reels se pueden utilizar para interactuar con los clientes, mostrar productos, construir lealtad a la marca y aumentar las ventas, al mismo tiempo que se llega a una audiencia m\u00e1s amplia. Las personas utilizan las plataformas de redes sociales varias veces a la semana, si no a diario, por lo que no es de extra\u00f1ar que los especialistas en marketing est\u00e9n centrando sus esfuerzos en aumentar su presencia en esas plataformas.Puedes encontrar ejemplos en mi cuenta de Instagram. Tanja Mikolcic Instagram Reels","breadcrumb":{"@id":"https:\/\/tanjamikolcic.com\/index.php\/es\/video-reel-para-redes-sociales-retrato\/#breadcrumb"},"inLanguage":"en-GB","potentialAction":[{"@type":"ReadAction","target":["https:\/\/tanjamikolcic.com\/index.php\/es\/video-reel-para-redes-sociales-retrato\/"]}]},{"@type":"BreadcrumbList","@id":"https:\/\/tanjamikolcic.com\/index.php\/es\/video-reel-para-redes-sociales-retrato\/#breadcrumb","itemListElement":[{"@type":"ListItem","position":1,"name":"Architectural, Portrait and Product Photography","item":"https:\/\/tanjamikolcic.com\/index.php\/de\/tanja-mikolcic-photography\/"},{"@type":"ListItem","position":2,"name":"Video\/ Reel para Redes Sociales Retrato"}]},{"@type":"WebSite","@id":"https:\/\/tanjamikolcic.com\/#website","url":"https:\/\/tanjamikolcic.com\/","name":"Tanja Mikolcic Photography","description":"Architectural, Portrait and Product Photography","publisher":{"@id":"https:\/\/tanjamikolcic.com\/#organization"},"potentialAction":[{"@type":"SearchAction","target":{"@type":"EntryPoint","urlTemplate":"https:\/\/tanjamikolcic.com\/?s={search_term_string}"},"query-input":{"@type":"PropertyValueSpecification","valueRequired":true,"valueName":"search_term_string"}}],"inLanguage":"en-GB"},{"@type":"Organization","@id":"https:\/\/tanjamikolcic.com\/#organization","name":"Tanja Mikolcic","url":"https:\/\/tanjamikolcic.com\/","logo":{"@type":"ImageObject","inLanguage":"en-GB","@id":"https:\/\/tanjamikolcic.com\/#\/schema\/logo\/image\/","url":"https:\/\/tanjamikolcic.com\/wp-content\/uploads\/2023\/07\/cropped-Tanja-Mikolcic-Photography-520x180-1.png","contentUrl":"https:\/\/tanjamikolcic.com\/wp-content\/uploads\/2023\/07\/cropped-Tanja-Mikolcic-Photography-520x180-1.png","width":490,"height":179,"caption":"Tanja Mikolcic"},"image":{"@id":"https:\/\/tanjamikolcic.com\/#\/schema\/logo\/image\/"},"sameAs":["https:\/\/www.facebook.com\/tanja.mikolcic","https:\/\/www.instagram.com\/tanja.mikolcic\/"]}]}},"_links":{"self":[{"href":"https:\/\/tanjamikolcic.com\/index.php\/wp-json\/wp\/v2\/pages\/2590","targetHints":{"allow":["GET"]}}],"collection":[{"href":"https:\/\/tanjamikolcic.com\/index.php\/wp-json\/wp\/v2\/pages"}],"about":[{"href":"https:\/\/tanjamikolcic.com\/index.php\/wp-json\/wp\/v2\/types\/page"}],"author":[{"embeddable":true,"href":"https:\/\/tanjamikolcic.com\/index.php\/wp-json\/wp\/v2\/users\/1"}],"replies":[{"embeddable":true,"href":"https:\/\/tanjamikolcic.com\/index.php\/wp-json\/wp\/v2\/comments?post=2590"}],"version-history":[{"count":0,"href":"https:\/\/tanjamikolcic.com\/index.php\/wp-json\/wp\/v2\/pages\/2590\/revisions"}],"wp:attachment":[{"href":"https:\/\/tanjamikolcic.com\/index.php\/wp-json\/wp\/v2\/media?parent=2590"}],"curies":[{"name":"wp","href":"https:\/\/api.w.org\/{rel}","templated":true}]}}